*q + 2 - 29*q**2. Calculate t(1).
-11
Let a(x) = -x**3 + 6*x**2 + 7*x + 8. Let y be a(7). Let s be ((-20)/(-6))/(9/(108/y)). Let u(h) = -5*h - 2 + h**2 + 2*h**2 - 7*h**2 + h**3 + 1. What is u(s)?
-1
Let y(h) = -h**2 + 5*h + 3. Suppose 3*o - 4*g = -2*o - 210, -4*o - 157 = -g. Let w(m) = 36*m + 44. Let x be w(0). Let p = o + x. Give y(p).
-3
Let u(p) = -7*p**2 + 13*p - 6. Let y(t) = -15*t**2 + 28*t - 13. Let s(f) = -13*u(f) + 6*y(f). Let n be 32/(-14) + 14/49. What is s(n)?
6
Let w(u) = -6 - 6 - 80*u - u**2 - 88*u - 92*u + 363*u - 93*u. Let k = -17 - -26. Calculate w(k).
-3
Let p(l) = 5*l**3 - 3*l**2 + 7*l - 3. Let h = 2111 - 2117. Let i = 16 - 3. Let n(z) = 11*z**3 - 7*z**2 + 15*z - 6. Let r(v) = h*n(v) + i*p(v). Give r(4).
-15
Let w = 11582 + -11587. Let r(b) = b**3 + 3*b**2 - 9*b - 6. Give r(w).
-11
Let q = 12357 - 12348. Let g(o) = o**3 - 8*o**2 - 10*o. Determine g(q).
-9
Let s(t) = t. Suppose -a + 4 = 0, -5*f + 6 = -3*f - a. Suppose 4*q - 19 = f*o, -2*o - 2 = -0*o - 3*q. Give s(o).
-7
Suppose 0 = -3*i + 3*f - 18, 4*i + 0*f + 30 = f. Let o(y) be the second derivative of -y**3/6 - 13*y**2/2 + 2331*y. Give o(i).
-5
Let t = -11532 - -11527. Let l(y) be the second derivative of 0*y**3 - y - 5/12*y**4 + 3/2*y**2 - 1/20*y**5 + 0. Give l(t).
3
Let i be (1 - -3)*2/(-4). Let n = 421 - 420. Let o(g) = 2*g**3 + g**2 - 1. Let y(x) = 9*x**3 + 5*x**2 - 2. Let d(c) = n*y(c) - 4*o(c). What is d(i)?
-2
Suppose -60 = g + 4*p, -4*g + 3*p - 4*p - 255 = 0. Let l = g + 25. Let d = 40 + l. Let y(f) = 7*f**2 + f - 1. Determine y(d).
7
Let z(x) = 4*x - 36. Let j(a) = -a - 4. Let u(y) = -j(y) + z(y). Calculate u(5).
-7
Let f(p) be the first derivative of 1/2*p**2 + 70 + 10*p. Give f(-14).
-4
Let s(g) = -g**2 - 8*g + 8. Let n(j) be the second derivative of -j**4/4 - 23*j**3/6 + 23*j**2/2 - 2*j - 1. Let a(u) = -6*n(u) + 17*s(u). Calculate a(1).
1
Let n(t) be the second derivative of t**4/12 - 7*t**3/3 - 21*t**2/2 + 17*t - 136. What is n(14)?
-21
Let z(t) = -2*t**2 + 18*t - 17. Let d = 788 - 753. Suppose d = -12*v + 131. Give z(v).
-1
Suppose 128 = 100*n - 472. Let g(b) be the second derivative of 5*b**3/6 + b**2 - b. What is g(n)?
32
Suppose -5*k = 3*c - 231, -k - 2*k + 145 = 5*c. Suppose 10*q + k = 15*q. Suppose y = -q*y - 10. Let u(o) = 8*o**2 + o + 1. Give u(y).
8
Let p be 1/(-2)*(11 + -1). Let m be -6*4/30*-5. Let r(s) = -4*s + 5 - m - 5 + 2*s. Calculate r(p).
6
Let w(h) be the third derivative of h**4/4 + 3*h**3/2 + 2*h**2 - 2*h - 2. What is w(2)?
21
Let u(t) = 3*t - 164 + 75 + 13*t + 91. Give u(2).
34
Let h be 10/(6 + -1) - (-3)/6*16. Let n(i) = -i + 25. Determine n(h).
15
Let q(g) be the first derivative of -g**2/2 + 16*g + 14. Let i be q(9). Let s(f) = -2 - 3 + i - 4*f. What is s(3)?
-10
Suppose -2765 = -248*m - 702*m - 13215. Let a(o) be the second derivative of 1/6*o**3 + 0 + 3/2*o**2 - 2*o. Give a(m).
-8
Let n(s) be the third derivative of -s**7/2520 - s**6/80 - s**5/60 + 11*s**4/12 + 11*s**2 + 2*s. Let c(d) be the third derivative of n(d). What is c(-4)?
-1
Let m(g) be the second derivative of -g**6/240 - g**5/8 - g**4/12 - 4*g**3/3 + 31*g. Let d(j) be the third derivative of m(j). Determine d(-10).
15
Let f(x) = -23*x**2 - 2*x - 10. Let h(l) = 17*l**2 + 2*l + 8. Let r(a) = -3*f(a) - 4*h(a). Let u = 2 + -6. Let k be 1/u - 34/(-8). Give r(k).
6
Suppose -12 = 3*d + d. Suppose -3*k + 54 = 51. Let j(m) = -m + 1. Let c(u) = -2*u**2 - 9*u + 5. Let l(o) = k*c(o) - 6*j(o). Calculate l(d).
-10
Let r(h) be the first derivative of -h**4/4 - h**3 - 3*h**2/2 + 4*h + 306. Let z be (34/102)/((-1)/9). Calculate r(z).
13
Let n(o) = 4*o - 44. Let i = 15777 - 15769. Determine n(i).
-12
Let o(d) = -16*d. Let x = -36 - -119. Let b = x - -175. Suppose -b*l = -260*l - 2. Calculate o(l).
16
Let a(h) = 4*h + 7. Suppose -10*c + 201 = -19. Suppose -c*w - 50 = -12*w. Calculate a(w).
-13
Suppose 64 = 4*j - 6*q + 3*q, -16 = -j - 4*q. Suppose v - 2*v - j = 3*i, 5*i = -3*v - 32. Let l(g) = -4*g - 4. Give l(v).
12
Let h(j) = 19*j**2 + 8*j + 66. Let m(n) = 3*n**2 + 6*n + 3. Let z(a) = -h(a) + 6*m(a). What is z(26)?
4
Let y(g) be the second derivative of g**6/360 + g**5/120 - 7*g**4/8 - 7*g**3/6 - 3*g**2/2 + 7*g + 10. Let l(z) be the second derivative of y(z). What is l(0)?
-21
Suppose -3*d - 3 - 12 = 0, 0 = -3*s - d + 1. Let l(w) = 2*w**s + 4*w + 947 - 465 - 478. Let o(z) = 3*z + 3. Let h be o(-2). Determine l(h).
10
Suppose 0 = -5*y + g + 5, y - 3*y - g - 5 = 0. Let a(b) be the third derivative of -b**5/60 - b**3/6 - 5*b**2 - 646*b. Give a(y).
-1
Let n(y) = y**2 + 4*y + 10. Let g be (1 + -5)/(-16)*2*(5 + -13). Determine n(g).
10
Let k(s) = s**2 - 2*s**2 + 1 - 5*s + 1 + 3. Let x be (-6)/(-2) - (15 - 15). Suppose 2*i - 25 = 2*o - 3*i, -x*i + 34 = -5*o. Give k(o).
5
Let x(i) = i**3 - 33*i**2 + 63*i - 30. Suppose -s + g = 28 - 54, 4*s = 3*g + 109. Calculate x(s).
1
Let h(r) be the third derivative of -r**5/60 + 107*r**3/6 - 27*r**2 + 15*r + 2. Calculate h(0).
107
Suppose -16*a - 1588 = 300. Let g be (59/a)/(2/4). Let n(o) = 45*o**3 + 1. Calculate n(g).
-44
Let k(z) = 2*z + 5*z + z**3 + 6*z - 3 + 12*z**2 - 3*z. Let v(p) = -75 - 7*p + 40 - 46 + 5*p. Let f be v(-35). Calculate k(f).
8
Let p(h) = 7*h - 12. Let w = 28256 + -28252. Give p(w).
16
Let g(r) be the third derivative of -1/60*r**5 + 7/2*r**3 + 0 + 197*r**2 + 1/3*r**4 + 0*r. What is g(10)?
1
Let a(b) = b**2 + b + 1. Let f(l) = -4*l**2 + l - 6. Let x(w) = -2*a(w) - f(w). Let v(n) = -2*n - 45. Suppose -2*i + 5 - 53 = 0. Let y be v(i). What is x(y)?
13
Let n(o) = 1 + 3 + 22*o - 24*o + 6 - 4*o**2. Let k(h) = -h + 2. Let l(m) = 8*k(m) - n(m). Calculate l(4).
46
Let l be ((-16)/22)/(-4) - 156/132. Let w(k) = -2*k**2 + 2*k. Let s(i) = -5*i**2 + 11*i - 3. Let j(y) = l*s(y) + 2*w(y). Give j(6).
-3
Suppose 6*w - 5 = w. Let r be (w + 4)/(25/15). Let b(l) = -7*l**2 + 4*l**r - 2*l**3 + l + 4 - l**3 + 3*l. Calculate b(6).
-8
Let d(g) = 7*g + 439 - 437 - 6*g. Let k(t) be the third derivative of -t**5/30 + t**4/8 + t**3/6 - 6*t**2. Let a be k(3). Determine d(a).
-6
Let x(z) = 871 + 890*z + 871*z - 2615*z + 884*z. What is x(-29)?
1
Let h(v) = 8*v - 20. Let z(a) = -a**2 + 60*a - 278. Let f be z(5). What is h(f)?
-44
Let k(i) = -4*i**2 + 1. Let m be (-3)/(281/(-56) - (-8 + 3)). Let p = m + -169. Give k(p).
-3
Suppose 10 = -0*n + 5*n. Let t be (-3 + -3)/2 + n. Let o(w) = -73*w - 67*w + 207*w - 71*w. Calculate o(t).
4
Let z(x) = x**3 - 13*x**2 - 6. Let a = -454 - -455. Let j be 6192/473 + a/(-11). Determine z(j).
-6
Let r(p) = 5*p**2 + 4*p - 20. Let j(n) = -19*n**2 - 14*n + 77. Let a(s) = 6*j(s) + 23*r(s). Calculate a(-7).
-5
Let v(k) = 28*k - 980. Let h be v(35). Let j(a) = -a**2 - a + 5. Suppose -g + 0 = 3. Let r(n) = n**2 + n - 4. Let z(y) = g*r(y) - 2*j(y). Give z(h).
2
Let p(f) = -16*f - 274. Let w(j) = -62*j - 946. Let o(q) = -9*p(q) + 2*w(q). What is o(-29)?
-6
Let u be -1 - -5 - 0 - 1. Suppose 0 = -3*y - 5*k + 2043, 3*y + 8*k - 5*k = 2037. Let c(q) = -q**3 + y*q**2 + q - 673*q**2 - 3*q**3 - 4 + 3*q**3. Determine c(u).
-1
Let f(v) = -2*v**2 - 2*v + 19. Suppose 17*s = 3*o + 15*s + 21, 0 = o - 3*s + 14. Give f(o).
-21
Suppose -13*m + 35*m = 506. Let r(n) = -n**2 + 24*n - 19. Determine r(m).
4
Let o(n) = -122 - 780*n + 183 + 145 + 713*n. Determine o(3).
5
Suppose -4*j = -4*z + 16, j + 2*z + 9 = 8. Let d(u) = 3*u + 4*u - 2*u - 3*u + 5. Calculate d(j).
-1
Let u(f) = -2*f**2 + 10*f + 8. Let y be ((-164)/656)/(1/4). Give u(y).
-4
Let g(x) = 5*x - 13. Suppose -280 = 83*s + 52. What is g(s)?
-33
Suppose l = 8*m - 101, 102*m + 32 = 104*m + 2*l. Let i(g) = -6*g + 65. What is i(m)?
-13
Suppose 2*j = 2*y - 6, -2*y - 2*j - 6 = 3*y. Suppose c + 3*o + 11 = y, 4*c + 23*o - 28*o = 41. Let p(i) = -2*i - 2*i - i**2 + 8*i. What is p(c)?
0
Let g(y) = -35*y**3 - 19*y**2 - 7*y + 52. Let q(v) = 22*v**3 + 13*v**2 + 4*v - 34. Let p(o) = 5*g(o) + 8*q(o). Suppose -14*r + 81 = -23*r. Give p(r).
15
Let l(r) = r + 1. Let p be (-15)/(-6)*(-1 + 17). Suppose -4*u = -5*q - 2*u + 91, p = 2*q - 2*u. Suppose -5*v + w + 3 = q, -3*v - 11 = 2*w. Determine l(v).
-2
Let a(p) be the first derivative of p**4/4 - p**3 - 3*p**2/2 + 2*p - 12. Suppose 4*h - 90 = -h. Suppose h = 5*s - 2. Determine a(s).
6
Let g(o) = -103*o + 2936. Let i be g(28). Let m(k) = k**2 - 50*k - 100. Give m(i).
4
Let c(u) 